+ 3*j, -2*j + 4 = 5*s - 2*s. Is (194/s)/(2/4) prime?
True
Let i = -32 + 109. Suppose 78*z - i*z - 2813 = 0. Is z a composite number?
True
Suppose 2*g + 2 = 0, -192*y - 1154593 = -196*y + 5*g. Is y composite?
False
Let i(a) = 34682*a**3 - 11*a**2 - 10*a + 94. Is i(3) a composite number?
False
Suppose u = -0*u + 5. Suppose j - 19 = u*z, -3*j + z + 5 = -4*j. Is (-304 + (1 - 4))*j prime?
True
Let b be 20/15*(9 + (-4 - -1)). Suppose 2*a - 17876 = 10*t - b*t, 0 = 2*a + 2*t - 17856. Is a composite?
False
Let w(d) be the first derivative of 97*d**2 + 200*d - 51. Is w(13) a composite number?
True
Let b = 44964 - 31886. Let x = 25040 - b. Let u = x + -7635. Is u a prime number?
True
Let g(r) = -2*r**3 - 25*r**2 + 13*r + 5. Let m be g(-13). Is m/(-1) + 1 + 99*2 a composite number?
True
Let o(n) = -n**2 + 11*n - 18. Let p be o(8). Let i(g) = 3*g**3 - 5*g**2 - 3*g - 14. Let k be i(p). Let s = -81 + k. Is s composite?
True
Suppose -2161*n - 579029 = -2172*n. Is n a prime number?
True
Let q(d) = -6*d**3 + 3*d**3 - 14 + 12*d**2 - 17*d - 17*d**2. Let a = -55 - -48. Is q(a) prime?
False
Let l(y) = 63*y**2 + 267*y + 85. Is l(32) a prime number?
True
Let v = 2526377 + -1267424. Is v composite?
True
Let t = 36195 - 704. Is t composite?
False
Suppose 0 = -3*x - 5*o + 1527264, x + 5*o - 84653 = 424445. Is x composite?
True
Let s = 44057 - 24396. Is s composite?
False
Let n(d) = 23*d**2 + 2*d + 25. Suppose -10 = -2*m + 2*t, 0 = -3*m + t - 4*t + 39. Let j be n(m). Suppose -5*s + 3249 = -j. Is s composite?
False
Suppose -2*j + 7*j = -3*v - 8, -3*v - 1 = -2*j. Is (-2)/(-4)*20718/(-9)*j a composite number?
False
Suppose -m + 5*m + 2*r = 62858, 0 = -3*m - r + 47144. Suppose 5*x + m = -0*x. Let j = x + 4766. Is j prime?
False
Let i(j) = -118*j - 9. Let n(q) = -q**3 - 2*q**2 + q - 3. Let d = 34 - 36. Let v be n(d). Is i(v) composite?
True
Let q(x) = 611*x**2 + 4*x + 9. Is q(-10) a composite number?
True
Suppose k + 8 = -3*k. Let s(f) be the second derivative of -9*f**5/20 - f**4/6 - f**3/6 - 2*f**2 - 187*f. Is s(k) a prime number?
False
Let t = 246 - 242. Suppose -t*l - 4771 = -9*l - 3*o, 2*o = -l + 957. Is l a composite number?
False
Let y(v) = 252*v**2 + 101*v + 203. Is y(-30) a prime number?
False
Suppose 12*m + 6*m + 46326519 = 45*m. Is m composite?
False
Let d be 4/14 - (-1577)/581. Suppose 1931 = d*h - 4*l, -h + 832 = 3*l + 197. Is h a prime number?
True
Suppose 4*h - 6*p + 2*p = 36, -4*h + 16 = p. Suppose 2*u + 8*f = 9*f + 1699, -4*u + h*f + 3389 = 0. Is u composite?
True
Suppose -17*r + 5*y + 6599441 = -15*r, y - 13198893 = -4*r. Is r a prime number?
False
Let q = 65 - 62. Let o be 33/22*(10/q + 0). Is o/(-20)*(-1 - 3)*3737 composite?
True
Let k = 57885 + -29674. Is k a composite number?
False
Suppose -8*t = -19*t - 22. Let m be (12*(-5)/10)/t. Is -991*((3 - m) + -1) a composite number?
False
Let d = -275 - -277. Let q(o) = 3371*o - 69. Is q(d) a composite number?
False
Let y = -47710 + 132549. Is y a composite number?
True
Suppose -36 = -2*j - 5*i, -j - 44 = -4*j - 5*i. Suppose -24 = -0*y + j*y. Is y - (-2530)/6 - 3/(-9) prime?
True
Let g(m) = 13*m**3 - 8*m**2 - 49*m - 7. Let f(i) = 7*i**3 - 4*i**2 - 24*i - 3. Let x(c) = -11*f(c) + 6*g(c). Is x(10) composite?
True
Let y(r) = -r**3 + 11*r**2 - 25*r + 15. Let u be y(9). Is (u/36)/(4/(-106611)) a composite number?
False
Suppose 1448344 = 4*c - 3*d + 21*d, -3*c + 3*d + 1086225 = 0. Is c a prime number?
False
Suppose -470*g - 1147 = -471*g. Let v = g + 3912. Is v composite?
False
Let a(h) = h**3 + 16*h**2 + 5*h + 11. Suppose 8*q - 8 = 10*q. Let m(n) = 6*n + 9. Let f be m(q). Is a(f) a composite number?
True
Suppose 0 = -24*l + 79*l - 2350645. Is l a composite number?
True
Suppose 6*o - 4*o = 0. Suppose 6*p - 58951 + 8185 = o. Is p a composite number?
False
Let o = -603 - -609. Suppose -2*q + r - 42292 = -o*q, 0 = -4*q - 2*r + 42292. Is q prime?
False
Suppose -1874825 = -12*w + 180331. Is w prime?
True
Let r be (-1 - -4)/((-12)/8). Let o be ((-7)/7)/(3/(-6)*r). Is -23*(-11)/(-1)*o composite?
True
Let t(p) = 15*p**2 + p. Let r be t(-1). Suppose -3*m - 702 = -4*h, -5*h - 19*m = -24*m - 880. Suppose 0 = -2*c + h + r. Is c a composite number?
True
Suppose 0 = 4*p - 2*t + 50, 0*p = -2*p - t - 35. Let w(m) be the first derivative of m**3/3 - 3*m**2 + 16*m + 6. Is w(p) a composite number?
False
Is 118546/(56/231*9 + (-4)/22) composite?
False
Let v(q) = q**3 + 5*q**2 - 5*q + 14. Let o be v(-6). Is 12282/o - 5/20 composite?
True
Is (-352 + 33543)/(2/2) composite?
False
Let n be -21 + 77900/32 + (-6)/16. Let b(k) = k**2 + 8*k + 9. Let a be b(-8). Suppose o = -u + 313 + n, 3*o = a. Is u a composite number?
True
Let r = -22644 + 131707. Is r a composite number?
False
Suppose -c - 2*t = -31011, c - 21558 - 9469 = 2*t. Is c composite?
False
Suppose 11*a + 271108 - 485604 = 679133. Is a a prime number?
True
Let o = -3117 + 7126. Is o a composite number?
True
Let z(o) = -1855*o + 30. Suppose g + 13 = -3*k, -7*g = -4*k - 2*g - 30. Is z(k) a composite number?
True
Suppose 0 = 18*p - 21*p + 33. Let t be 16839/p + ((-13)/(-11) - 1). Let o = -832 + t. Is o prime?
False
Let m(v) = v**3 + 15*v**2 + 26*v + 2. Let s be m(-13). Suppose s*u + 3 - 3 = 0. Let j(n) = -n**3 + 2*n**2 + n + 106. Is j(u) prime?
False
Let n = -73 + 83. Suppose -n = 5*a, 4981 = 2*y + y + 4*a. Is y composite?
False
Suppose 5*x = -4*c + 511807, 5*c - 17 + 2 = 0. Is x prime?
True
Let m = 1912798 + -1310753. Suppose 0 = 36*l - 794647 - m. Is l a prime number?
False
Let b be 4/(-3)*-6*3/12. Let s(x) = 58*x - 8. Let h(k) = -k + 1. Let i(n) = b*s(n) + 18*h(n). Is i(4) a composite number?
True
Suppose 4*t - 53 = 3*b - 835, -3*t = -4*b + 590. Suppose 18*m + 25 = -29. Is -1 - t - (m - -5) a composite number?
False
Let l be (-228 + 6)/(6/(-124)). Is l + (-2 - (8 + -13)) a composite number?
False
Suppose -34*p = -6613179 - 13648339. Is p a composite number?
False
Let t(z) = z**2 - 2*z - 8. Suppose 0 = -3*i - 3*i + 36. Let s be t(i). Let n = 87 - s. Is n a prime number?
True
Suppose -3 = -3*p - 0. Suppose -7 = -2*n - 2*k - 3, n + 2*k = p. Suppose 0 = 8*m - n*m - 1295. Is m composite?
True
Suppose 2*x - 5 = x. Suppose -61 = x*l - 16. Is 1396 + l + 1*-2 prime?
False
Suppose 13*k - 6087124 - 747329 = 1001804. Is k a prime number?
False
Let j = 8796 + -3213. Suppose 6*r = 9*r - j. Is r prime?
True
Is (-66563)/(8/(-8)) + 7 + -17 composite?
False
Suppose 2 = 5*g + 72. Let x = g + 18. Suppose 0 = 3*y - x - 1169. Is y a composite number?
True
Suppose -5*f - 404 = -c + 1811, 5 = c. Let o = f - -629. Is o composite?
True
Suppose -5*h = 2*q - 24, 4*h = -h - 3*q + 26. Suppose v = -h*u, 3*v + v = -3*u. Suppose -5*j - 8680 = -5*f, 3*f + 4*j + u*j - 5187 = 0. Is f composite?
False
Suppose 4*z - 2*j = 290414, -3*z + 13*j - 8*j = -217828. Is z a composite number?
True
Let m be -2 - (-751)/(-2)*(17 - 21). Is -1*1/(-3)*-3 + m a composite number?
False
Suppose 3*a + 1 = 13. Suppose a = 2*g - 6. Suppose m - 118 = -3*v + 586, 1407 = 2*m + g*v. Is m a composite number?
False
Let d = 332 + -270. Suppose -6396 = -k - 3*p - d, -6359 = -k + 2*p. Is k prime?
False
Let x(s) = 341*s**2 - 538*s + 211. Is x(-40) a composite number?
True
Suppose 20*h + 192100 = 688580. Suppose -41370 = -5*z + 4*d, 3*z - 5*d = -3*d + h. Is z a prime number?
False
Let n(i) = 1417*i + 1464. Is n(25) composite?
True
Suppose j = 438*j - 14632719 - 79252798. Is j prime?
False
Suppose 7*j - 6352 = 17924. Suppose -4*s + j = 4*n, 7*n - 2*s = 6*n + 855. Is n a prime number?
True
Let p = -64 - -77. Let s(z) = z**3 - 11*z**2 - 27*z + 10. Let d be s(p). Is d/(-18)*-3*-382 a composite number?
False
Suppose 5*v = 20, 354685 = -103*f + 108*f + 5*v. Is f composite?
True
Is 12116*(-6 + 39/12 + 3) a composite number?
True
Let m(o) = -127*o**3 - 29*o**2 - 107*o - 54. Is m(-19) prime?
False
Let p = 39 + 11. Suppose -16*f + 26*f - p = 0. Suppose 5*s + 2521 = -3*y + 6248, -f*y + 6180 = 2*s. Is y a prime number?
False
Let g = 5086 - 3549. Is g a composite number?
True
Suppose -40*d - 265249 = -43*d - 5*w, -2*d + 2*w + 176854 = 0. Is d composite?
False
Suppose -835*s - 2472 = -841*s. Let b be ((-1)/(-1))/((-2)/162). Let z = s + b. Is z a composite number?
False
Let p be ((-20)/(-6) - 1)*(-12942)/(-2). Suppose w + 4*d = 5033, -5*w = -2*w - 4*d - p. Is w p